*q, -10 = 2*a. List the prime factors of q.
2, 71
Let o(i) be the third derivative of i**5/60 - i**4/6 - 7*i**3/6 - 11*i**2. Let r be o(6). What are the prime factors of 72/2 + -3 + r?
2, 19
Let u(w) = 250*w - 13670. What are the prime factors of u(116)?
2, 3, 5, 7, 73
Suppose 2*g - 2*x - 24 = 0, 2*g + 3*x + 2 = 11. Let m(v) = 2*v**2 - 14*v + 13. Let h be m(g). Let p = 107 - h. What are the prime factors of p?
2, 29
Let h = 134433 - 95367. What are the prime factors of h?
2, 3, 17, 383
Let n = -17 + 20. Let s(q) = -2*q - 13. Let b be s(-6). What are the prime factors of 17*(b - -5 - n)?
17
Let c(m) = 3*m**2 - 27*m + 46. Let o be -1*(-2 + (-15)/3). Let k(f) = -2*f**2 + 18*f - 31. Let z(l) = o*k(l) + 5*c(l). What are the prime factors of z(8)?
5
Suppose 0 = -51*w - 87*w + 681996. List the prime factors of w.
2, 7, 353
Suppose -4846 = 2*j + v, 3*j = v - 3241 - 4028. Let r = j - -3447. What are the prime factors of r?
2
Suppose 22213920 + 4145171 = 577*q. List the prime factors of q.
11, 4153
Let q be (-35)/(-15) - 1/3. Let g(h) = 19*h**2 + 16*h**2 - 16*h**2. What are the prime factors of g(q)?
2, 19
Let t be 4/6*(-11)/(132/18). Let a be (t - 1) + 5288/8. Suppose 4*y - 3*l = a, 5*y + l - 639 = y. List the prime factors of y.
7, 23
Let u(d) = -6*d**3 - 10*d**2 + 11*d - 11. Let q be u(-6). Suppose 7*x + q = 3743. What are the prime factors of x?
2, 103
Let t(d) = -d**2 - 32*d - 249. Let q be t(-19). List the prime factors of (-6)/(q*1/487) + -6.
3, 5, 97
Let n(b) = 11 - 106 - 124*b - 69 + 7*b. What are the prime factors of n(-16)?
2, 7, 61
Suppose 14*g - 26*g = 0. Suppose 2746 + 1003 = 5*q + 4*h, g = -q - 4*h + 753. What are the prime factors of q?
7, 107
Suppose 24*t = 25*t - 7. Suppose t*r = -290 + 2537. List the prime factors of r.
3, 107
Let i = 60 + -15. Let x = -50 + i. What are the prime factors of 4 - (-20)/x - (-2 + -9)?
11
Suppose -x - 1007*v = -1003*v - 9891, 2*v - 29693 = -3*x. List the prime factors of x.
19, 521
Suppose s + 32 = 5*s + 5*o, -4*s - 4*o + 28 = 0. Suppose -h - s*h + 704 = 0. Suppose -13*g = -17*g + h. What are the prime factors of g?
2, 11
Suppose 3*v - 68 = -3*m - 2*m, -v - 3*m + 20 = 0. Suppose 6*w = 22 + v. Let d = 113 - w. List the prime factors of d.
3, 5, 7
What are the prime factors of 10/75 - (6122752/(-60))/16?
2, 3, 1063
Suppose 2792992 = 79*g - 1477568 - 2377290. List the prime factors of g.
2, 3, 5, 11, 17
Suppose 1096 = -15*w + 8386. Suppose -492*l + w*l = -3426. List the prime factors of l.
571
Let p = -106 - -110. Let h(o) = -7*o**3 + 6*o**2 - o - 4. Let b be h(p). What are the prime factors of (-4)/(-14) - (-1)/((-14)/b)?
2, 13
Suppose -5*l + 2 = -13. Suppose 0 = -l*s - 4*s - 371. Let n = -44 - s. What are the prime factors of n?
3
Suppose 8*j - 4434 = -1514. Let k be 5 + (-1 - 1) + j. Suppose 0 = -2*q - 4*y + k, 0 = 3*q - 4*q + 2*y + 196. What are the prime factors of q?
2, 5, 19
Suppose 65*s - 68*s - 18 = 0. List the prime factors of (-674)/s - (-72)/(-54).
3, 37
Let y = -1367 + 2247. Let l be -1 - 2 - y/10. Let n = 165 + l. List the prime factors of n.
2, 37
Suppose -2901 = -5*j + 3*p, 3*p - 302 = -j + 289. Let n = j + -58. List the prime factors of n.
2, 131
Let h = 12388 - 2191. What are the prime factors of h?
3, 11, 103
Let l be 6 + -6 - ((-1 - -1) + -5). Suppose o - 19*t = -15*t + 314, l*t = -o + 296. List the prime factors of o.
2, 3, 17
Let g = 250 + -551. Let i = g - -624. List the prime factors of i.
17, 19
List the prime factors of (-19 - 1 - -12) + 1877.
3, 7, 89
Let m(r) = r**2 + 7*r - 4. Let c be m(-8). What are the prime factors of 60 + -60 + -22*(-10)/c?
5, 11
Let y(o) = 2*o**3 + 14*o**2 + 4. Let r be y(-7). List the prime factors of 147 + (-1 - -1)/r.
3, 7
Let x(q) = q**2 + 2*q + 35. Suppose 8 = 4*l + 8. Let p be x(l). Suppose 2*o - 158 = -i, -2*o = 2*i - p - 127. List the prime factors of o.
7, 11
Let b = -124932 - -187422. What are the prime factors of b?
2, 3, 5, 2083
Let m be (7 + -5)*(-406)/4. Let j = 880 + m. List the prime factors of j.
677
Let q = 6814 - 4169. Suppose -8*j + 7965 - q = 0. List the prime factors of j.
5, 7, 19
Suppose -56*g + 57*g + 3*d - 5690 = 0, 16 = 4*d. What are the prime factors of g?
2, 17, 167
Let s be ((-105)/(-6))/(-5)*96/(-112). Suppose 3*u + 2*i = 105, -2*u - 102 = -5*u - s*i. What are the prime factors of u?
37
Let m(q) = -104*q + 75. List the prime factors of m(0).
3, 5
Suppose -5*t - 4*z + 194640 = 0, -48 = 3*z - 33. List the prime factors of t.
2, 9733
Let q(y) = y**2 + 2513. What are the prime factors of q(101)?
2, 3, 13, 163
Let j be (15*-1)/3*1. Let n(d) = -72*d - 64. Let g(p) = -146*p - 127. Let b(i) = -2*g(i) + 5*n(i). What are the prime factors of b(j)?
2, 137
List the prime factors of 834 - 1 - (-38 + 84 - 39).
2, 7, 59
Let t = 34 - 13. What are the prime factors of (-1 + t)/(-4)*174/(-5)?
2, 3, 29
Let x be -3 - (128/(-24) + 2/6). Let b(g) = -2*g - g + 9*g + 20*g**2 - 15*g**x + 5. List the prime factors of b(6).
13, 17
Let z be (-18)/(-5)*10/24*4. List the prime factors of 46/(-8) + z + 4750/8.
2, 3, 11
Suppose -16995 - 8903 = -11*k - 2798. What are the prime factors of k?
2, 3, 5, 7
Suppose 44*j - 104 = 40*j. Suppose j = -5*y - 4. List the prime factors of (12 - -6*y/9) + 0.
2
Let g = 17 + -40. Let z = -47 - g. What are the prime factors of (-249)/2*z/36?
83
Let a(j) = -2*j**2 - 14*j - 8. Let l be a(-5). List the prime factors of 33*(81/6 - 6/l).
3, 11, 13
Suppose c = -5*p + 2, 4*c + 12 = -0*c. Suppose -2*l = -p - 5. Suppose n = -l*n + 2*u + 212, 265 = 5*n + 5*u. List the prime factors of n.
53
Suppose -4*k - 31034 = -3*l, 294*l = 290*l - k + 41404. List the prime factors of l.
2, 3, 5, 23
What are the prime factors of 28914 + 6 + (-10)/(80/(-56))?
28927
Let i(u) = -u**3 + u**2 + 7*u + 6. Let h be i(-2). Let a be ((-454)/(-5))/(6/30). Suppose 3*v + 4*m - 348 = 0, 4*v + h*m - a = 14. List the prime factors of v.
2, 3, 5
Suppose 9*a - 7*a = 8. Suppose -a*y = -100 + 80. Suppose -2*m + 6 = 0, -y*k + 3*k + 193 = 5*m. List the prime factors of k.
89
Suppose -399*w = -1008879 - 249168. What are the prime factors of w?
3, 1051
Let o = -4890 - -7165. List the prime factors of o.
5, 7, 13
Let z(b) = -18*b - 5. Let x(m) = -3*m**3 - 2*m**2 - 2*m - 1. Let k be x(-1). Suppose 0 = -a - p + k, -2*a = -7*a + p - 14. What are the prime factors of z(a)?
31
Let g = -1444 + 49. Let b = -986 - g. What are the prime factors of b?
409
Suppose 0 = c - 4*d - 16 + 9, -d - 1 = 0. Let n(y) = 28*y**3 + 13*y - 40. What are the prime factors of n(c)?
5, 151
Let b = 31684 + -18705. What are the prime factors of b?
12979
Suppose 3*r = 8 + 1, 2*b = -2*r - 4. Let s = 6887 + -2069. What are the prime factors of s/55 - (-3)/b?
3, 29
Let u be (855 - -9 - -7)*2. Suppose -d + 3*w - u = -2*d, 1742 = d - 2*w. List the prime factors of d.
2, 13, 67
Suppose -37 = -4*v - 3*w, -v + 3 + 8 = -w. Let n be (8/v)/(((-5)/(-50))/(-1)). List the prime factors of 4/n - 207/(-2) - -2.
3, 5, 7
Suppose 21*o = -1896 + 4626. Let g(x) = -x**3 - x + 5. Let v be g(0). Suppose 2*j - v*k - o = -2*k, j - 5*k = 51. What are the prime factors of j?
71
Suppose 89*t - 2079849 = 4831424 - 1465363. List the prime factors of t.
2, 5, 29, 211
Let d = -3 + 2. Let q be ((30*2)/2)/d. Let k = q - -212. List the prime factors of k.
2, 7, 13
Let f = 50 + 3. Let w = 1939 + -1965. Let c = f + w. List the prime factors of c.
3
Let b(a) = 2177*a**2 - 283*a - 17. List the prime factors of b(-4).
103, 349
List the prime factors of (-1)/(-2)*((-11)/(-3))/((-240)/(-1772640)).
11, 1231
Let y = -284 + 284. Suppose -10*z + 1048 + 1392 = y. List the prime factors of z.
2, 61
Suppose -2 = -2*i + 4*m, -i = -4*i + 2*m + 11. Suppose i*v = v + 16. Suppose v*j = o - 91, 2*j - 5*j + 383 = 4*o. What are the prime factors of o?
5, 19
Let y(f) = 918*f**2 + 307*f + 1867. List the prime factors of y(-6).
33073
What are the prime factors of (-9)/36 + (-229960)/32*-1?
2, 3593
Suppose 5*b = -2*h + 15 - 54, -b - 2*h - 3 = 0. What are the prime factors of (1 - 795/b) + 5/(-15)?
89
Let m(k) = -k**3 - 5*k**2 + 2*k + 8. Let a be m(-5). Let p(u) = 29*u**2 + 3*u + 3. Let v be p(a). Suppose 0 = -0*q - q + v. List the prime factors of q.
113
Suppose -3*s - s = 4*i + 4, 5*i + 7 = -4*s. Let x(n) be the third derivative of 9*n**4/8 + n**3/3 + 4*n**2 + 24